2 + z + 14. What is c(-6)?
-64
Let h(x) = x**3 - 5*x**2 - 12*x + 12. Give h(7).
26
Let h(a) = a**2 - 6*a - 10. Determine h(-6).
62
Let i(g) = -2*g**2 - 46*g + 1. Determine i(-23).
1
Let z(o) = -o**2 + 25*o - 30. Determine z(24).
-6
Let d(q) = q**3 - 9*q**2 + 20*q - 26. What is d(6)?
-14
Let u(k) = -k - 20. Calculate u(-11).
-9
Let v(u) = 7*u. Determine v(3).
21
Let v(x) = 4*x**2 - 19*x - 1. What is v(8)?
103
Let v(r) = r. Give v(-9).
-9
Let t(a) = 2*a**2 + 63*a + 25. Give t(-31).
-6
Let v(d) = -4*d + 26. Determine v(6).
2
Let y(v) = -v**3 - 3*v**2 - 2. Give y(-3).
-2
Let m(j) = -j**3 + 11*j**2 + 16*j - 27. What is m(12)?
21
Let i(o) = o**3 - 11*o**2 + 20*o - 113. Give i(10).
-13
Let z(y) = 82*y + 568. What is z(-7)?
-6
Let q(f) = f**2 + 11*f + 14. Calculate q(-5).
-16
Let y(l) = -4*l**2 + 23*l + 1. What is y(3)?
34
Let m(c) = 2*c**2 + 4*c - 22. Determine m(3).
8
Let t(p) = -10*p + 376. What is t(41)?
-34
Let c(o) = -o**3 - 10*o**2 - 6*o + 11. What is c(-9)?
-16
Let p(z) = z + 1. Calculate p(4).
5
Let m(f) = -f**2 + 13*f - 13. What is m(12)?
-1
Let o(m) = 2*m**3 - m**2 + 3*m - 1. Give o(2).
17
Let u(o) = 13*o**2 - 2*o - 3. Give u(2).
45
Let f(b) = 6*b + 22. What is f(5)?
52
Let b(q) = 10*q**3 + q**2 - 3*q + 2. What is b(1)?
10
Let g(y) = -y**2 + 4*y + 5. Give g(6).
-7
Let d(v) = -2*v**2 + 7*v - 1. Determine d(3).
2
Let p(x) = -28*x**3 - x**2 - x. Calculate p(-1).
28
Let k(l) = -l**3 + 10*l**2 + 2*l + 2. Determine k(10).
22
Let w(b) = 15*b**2 - 91*b + 15. Calculate w(6).
9
Let v(d) = d**3 - 5*d**2 + 2*d - 4. Give v(5).
6
Let m(r) = r**3 - 16*r**2 - 20*r + 23. Give m(17).
-28
Let b(g) = -2*g**2 + 3*g + 3. Calculate b(-2).
-11
Let u(g) = 31*g - 1. Give u(1).
30
Let m(o) = o**3 - 7*o**2 - 9*o + 14. Determine m(8).
6
Let j(i) = -7*i - 21. Give j(-9).
42
Let x(q) = q**3 - 4*q**2 - 5*q - 6. Calculate x(5).
-6
Let y(i) = -7*i**2. Determine y(1).
-7
Let w(u) = -2*u**2 - 49*u + 33. Give w(-25).
8
Let r(u) = -u**2 - 10*u + 9. What is r(-11)?
-2
Let t(h) = 4*h + 20. Calculate t(-13).
-32
Let h(y) = 5*y - 86. Determine h(23).
29
Let o(b) = 4*b + 10. Calculate o(-6).
-14
Let f(v) = -61*v. Give f(-2).
122
Let v(b) = -17*b**2 - 78*b + 29. Give v(-5).
-6
Let s(r) = r**3 - 4*r**2 - 3*r + 20. What is s(4)?
8
Let d(x) = -x**2 + 3*x + 245. Give d(17).
7
Let q(f) = 4*f**2 - 5*f + 6. Calculate q(2).
12
Let b(o) = 80*o. What is b(2)?
160
Let z(c) = 8*c - 114. Calculate z(14).
-2
Let g(h) = 2*h**2 - 2*h - 6. What is g(4)?
18
Let q(m) = -4*m**2 - 48*m + 7. Determine q(-12).
7
Let c(s) = 16*s - 158. Calculate c(10).
2
Let f(d) = -12*d**2 - 12*d + 13. Calculate f(1).
-11
Let q(s) = s**2 - 29*s - 53. What is q(30)?
-23
Let g(u) = 3*u**2 - 5*u - 23. What is g(4)?
5
Let u(t) = -t**2 + 12*t + 21. Calculate u(10).
41
Let m(v) = -v**2 - 16*v - 62. Give m(-8).
2
Let m(s) = -s**2 - 9*s - 3. Determine m(-5).
17
Let u(w) = -4*w - 2. Calculate u(11).
-46
Let w(h) = -h**2 + 6*h + 21. Calculate w(10).
-19
Let k(f) = -4*f**2 - 38*f + 19. Calculate k(-9).
37
Let w(c) = -2*c**2 - 11*c + 6. Determine w(-7).
-15
Let c(h) = -h**2 + h + 49. What is c(0)?
49
Let r(o) = -o**2 - 14*o - 2. Determine r(-13).
11
Let s(q) = q**3 + 12*q**2 + 25*q + 8. Determine s(-9).
26
Let x(s) = 2*s**2 - 30*s - 2. Give x(15).
-2
Let v(f) = 27*f**2 - 2*f. What is v(-1)?
29
Let b(l) = 3*l + 2. Calculate b(-4).
-10
Let s(x) = x**2 + 8*x + 12. What is s(-2)?
0
Let a(w) = -2*w**2 - 33*w - 27. What is a(-15)?
18
Let v(c) = 2*c - 3. Determine v(5).
7
Let w(d) = -177*d**3 - 2*d**2 + d + 2. What is w(-1)?
176
Let k(u) = u**3 - u**2 + u - 21. Give k(0).
-21
Let p(s) = 2*s**2 - 20*s + 12. Determine p(8).
-20
Let c(p) = 23*p + 57. Calculate c(-3).
-12
Let f(y) = y - 16. Calculate f(27).
11
Let w(p) = -p**3 - 26*p**2 + 2*p - 4. What is w(-26)?
-56
Let j(w) = 3*w**3 - 8*w**2 + 3*w + 3. Determine j(4).
79
Let l(g) = -g**2 - 4*g - 3. Determine l(-7).
-24
Let f(b) = -23*b + 10. Calculate f(-1).
33
Let a(z) = -z**2 - z + 18. What is a(4)?
-2
Let k(s) = 8*s**2 - 9*s + 9. Calculate k(2).
23
Let l(f) = f**2 + 12*f + 6. Give l(-11).
-5
Let k(q) = -q**2 + 33*q - 63. Give k(30).
27
Let a(j) = -j**3 + 25*j**2 - 30*j + 29. Give a(24).
-115
Let m(h) = h**3 - 4*h**2 - 9*h + 12. Determine m(5).
-8
Let w(b) = b**3 - b**2 + 3*b - 7. Calculate w(3).
20
Let j(p) = 2*p**2 + 9*p + 10. What is j(-6)?
28
Let v(n) = n**2 - 29*n + 44. Give v(27).
-10
Let o(b) = -24*b**3 - 1. Give o(-1).
23
Let z(k) = -k**3 - 2*k**2 + 13*k + 7. Determine z(-6).
73
Let p(t) = 2*t - 2. Determine p(4).
6
Let c(j) = -j**3 - 5*j**2 - 5*j + 1. Give c(-4).
5
Let z(c) = c**2 - c - 20. Determine z(6).
10
Let i(a) = a**3 - 4*a**2 - 6*a + 6. Determine i(5).
1
Let u(g) = g**3 - 7*g**2 + 3*g - 3. Determine u(7).
18
Let p(a) = a**3 - 32*a**2 - 34*a + 62. What is p(33)?
29
Let i(r) = 29*r + 170. Calculate i(-6).
-4
Let x(l) = l**2 - 3*l - 101. Determine x(-9).
7
Let n(m) = -7*m - 3. Calculate n(5).
-38
Let f(y) = 7*y - 77. What is f(11)?
0
Let a(g) = g**2 + 18*g + 34. Give a(-14).
-22
Let u(r) = 2*r**3 + r**2. What is u(-3)?
-45
Let m(x) = -x**3 + 11*x**2 - 2*x + 1. Give m(11).
-21
Let d(x) = x**3 + 8*x**2 + 6*x - 8. Determine d(-7).
-1
Let v(q) = -q**3 + 5*q**2 - 8. What is v(5)?
-8
Let b(h) = -10*h - 2. What is b(1)?
-12
Let y(i) = -2*i**3 + 2*i**2 + 2*i - 3. Calculate y(-3).
63
Let x(j) = -8*j**2. Give x(1).
-8
Let v(l) = -10*l + 5. What is v(1)?
-5
Let r(g) = -g**3 + 7*g**2 - 5*g - 7. Give r(6).
-1
Let k(x) = -x**3 + 7*x**2 - 9*x + 2. Calculate k(4).
14
Let f(n) = -n - 1. Give f(-5).
4
Let h(g) = 2*g**2 - 27*g - 56. Calculate h(-2).
6
Let u(y) = 2*y**2 - 34*y - 5. Calculate u(15).
-65
Let d(b) = -b**2 - 5*b + 6. What is d(-7)?
-8
Let z(v) = v + 3. What is z(1)?
4
Let q(o) = o**2 + o - 31. Calculate q(0).
-31
Let k(b) = b**2 - 16*b. What is k(15)?
-15
Let g(j) = -j**2 + 3*j + 4. What is g(5)?
-6
Let j(m) = -m**3 + m**2 + m - 17. Determine j(0).
-17
Let h(v) = -v**3 + 10*v**2 + 10*v + 1. Determine h(11).
-10
Let n(y) = -y**3 + 4*y**2 - 2*y. Calculate n(4).
-8
Let f(x) = -x**3 + 3*x**2 - x - 1. Determine f(0).
-1
Let c(w) = -w**3 + 7*w**2 + 3*w + 5. Determine c(7).
26
Let n(f) = f**3 + 22*f**2 + 22*f + 29. Give n(-21).
8
Let m(t) = -t**2 + 2*t + 2. Determine m(-3).
-13
Let p(n) = n**3 + 11*n**2 + 20*n + 17. Give p(-9).
-1
Let v(p) = p**3 - 8*p**2 - p + 2. Determine v(8).
-6
Let t(a) = a**3 - 17*a**2 - 85*a + 23. Calculate t(21).
2
Let v(f) = f - 14. Determine v(4).
-10
Let n(i) = 19*i - 7. Calculate n(-7).
-140
Let s(t) = 5*t**2 + 5*t - 4. Determine s(1).
6
Let o(w) = 14*w - 163. What is o(12)?
5
Let s(q) = 2*q**2 - 36*q - 2. Calculate s(17).
-36
Let h(w) = -w**3 - 4*w**2 - 5*w - 2. What is h(-3)?
4
Let l(q) = -4*q**2 - 1. What is l(1)?
-5
Let s(h) = -h**3 - 11*h**2 + 12*h + 14. Calculate s(-11).
-118
Let d(g) = 4*g - 29. Determine d(10).
11
Let o(s) = -27*s**2 - s - 1. Give o(-1).
-27
Let m(q) = -q**2 - 9*q. What is m(-9)?
0
Let c(s) = -s**2 - 19*s - 36. Give c(-18).
-18
Let u(l) = 2*l**2 - 13*l + 25. Calculate u(7).
32
Let t(b) = -b + 15. Give t(9).
6
Let p(l) = 10*l**3 + 3*l**2 + 8*l + 3. Calculate p(-2).
-81
Let s(z) = z**3 - 21*z - 5. Give s(4).
-25
Let h(y) = -y**3 - 7*y**2 + 13*y + 23. Determine h(-8).
-17
Let l(c) = 25*c**2 + c. Calculate l(-1).
24
Let m(p) = -p**3 - 4*p**2 - p - 8. Determine m(-4).
-4
Let n(g) = 4*g - 117. What is n(9)?
-81
Let d(z) = z + 9. Determine d(-28).
-19
Let i(f) = -5*f + 2. What is i(-3)?
17
Let r(k) = -k**2 - 7*k + 22. Calculate r(-9).
4
Let n(a) = -a**2 - 3*a + 7. Determine n(-8).
-33
Let p(h) = -6*h**2 - 114*h - 102. Calculate p(-18).
6
Let w(p) = 54*p**3 - p**2 + 2*p - 1. Give w(1).
54
Let p(s) = -3*s**3 - 34*s**2 - 11*s - 7. Calculate p(-11).
-7
Let q(c) = c**3 + 5*c**2 + 5*c + 4. Give q(-4).
0
Let r(q) = q**3 + 2*q**2 + 2. Calculate r(-3).
-7
Let j(v) = 4*v**3 + 2*v**2 - 3*v + 2. Calculate j(1).
5
Let b(g) = -4*g**3 + 3*g**2 + 3. What is b(2)?
-17
Let l(f) = -12*f**3 - f**2 + 4*f - 5. Calculate l(2).
-97
Let m(w) = -8*w + 2. Calculate m(-1).
10
Let j(v) = -v**2 + 22*v - 64. Determine j(18).
8
Let t(u) = -3*u**2 - 44*u - 33. Calculate t(-14).
-5
Let g(w) = -2*w**3 + 23*w**2 - 11*w - 1. Calculate g(11).
-1
Let u(h) = -h**2 - 36*h + 177. Determine u(-40).
17
Let v(f) = f + 3. What is v(-2)?
1
Let q(a) = -17*a. What is q(1)?
-17
Let p(u) = 